ime?
True
Is 1730933 prime?
False
Is 265471 a composite number?
False
Is 251287 a prime number?
True
Is 45053 a composite number?
False
Is 8161 prime?
True
Is 69707 prime?
False
Is 6421 a composite number?
False
Is 875543 a prime number?
True
Is 7243 a composite number?
False
Is 10694 a prime number?
False
Is 451 a prime number?
False
Is 14059 a composite number?
True
Is 23969 prime?
False
Is 7243 prime?
True
Is 27169 a composite number?
True
Is 7093 a prime number?
False
Is 69 prime?
False
Is 15233 a composite number?
False
Is 807689 prime?
True
Is 39723 composite?
True
Is 62569 a composite number?
True
Is 139261 composite?
True
Is 64391 a prime number?
False
Is 100103 prime?
True
Is 4044959 composite?
False
Is 877 prime?
True
Is 6947 composite?
False
Is 30367 prime?
True
Is 22189 prime?
True
Is 278543 prime?
True
Is 5701 a prime number?
True
Is 649937 a composite number?
False
Is 5227 a prime number?
True
Is 1243 prime?
False
Is 28511 prime?
False
Is 76207 a composite number?
False
Is 20287 composite?
False
Is 32807 prime?
False
Is 16787 composite?
False
Is 17783 composite?
False
Is 280811 a prime number?
True
Is 150287 a prime number?
True
Is 3163 prime?
True
Is 42899 prime?
True
Is 681439 prime?
False
Is 8551 a composite number?
True
Is 80387 a composite number?
False
Is 2333 prime?
True
Is 2350195 prime?
False
Is 456607 a prime number?
True
Is 24253 a prime number?
False
Is 216607 a composite number?
False
Is 3017 a prime number?
False
Is 95605 prime?
False
Is 62683 a composite number?
False
Is 572347 a composite number?
True
Is 3977 a composite number?
True
Is 23889 prime?
False
Is 1676303 prime?
True
Is 3491 a prime number?
True
Is 4187 composite?
True
Is 578431 prime?
False
Is 150373 a prime number?
True
Is 319511 a prime number?
True
Is 67663 a prime number?
False
Is 135257 a composite number?
False
Is 169531 a composite number?
False
Is 3190049 composite?
False
Is 2167 composite?
True
Is 16015 a composite number?
True
Is 26221 composite?
True
Is 17693 a prime number?
False
Is 4922065 prime?
False
Is 32467 a prime number?
True
Is 31769 prime?
True
Is 424805 a prime number?
False
Is 518411 a prime number?
True
Is 6653 prime?
True
Is 13417 a prime number?
True
Is 1632487 composite?
False
Is 396601 a composite number?
False
Is 142133 composite?
True
Is 112391 a prime number?
False
Is 25459 composite?
True
Is 1417677 composite?
True
Is 218035 prime?
False
Is 7427 composite?
True
Is 26183 a prime number?
True
Is 1784863 prime?
False
Is 6245 prime?
False
Is 14813 prime?
True
Is 2461 prime?
False
Is 56891 prime?
True
Is 30971 prime?
True
Is 935681 prime?
False
Is 24571 prime?
True
Is 232741 a prime number?
True
Is 204395 prime?
False
Is 30487 a prime number?
False
Is 105751 prime?
True
Is 308801 a composite number?
False
Is 41153 a prime number?
False
Is 10007 composite?
False
Is 14621 a composite number?
False
Is 18539 prime?
True
Is 1847 a prime number?
True
Is 2459 a composite number?
False
Is 281447 composite?
True
Is 3062643 prime?
False
Is 42215 a prime number?
False
Is 210439 prime?
False
Is 8254 a prime number?
False
Is 188759 composite?
True
Is 142315 prime?
False
Is 473741 a prime number?
True
Is 14971 a prime number?
False
Is 100049 prime?
True
Is 907 composite?
False
Is 46861 a prime number?
True
Is 8843 a prime number?
False
Is 65062 prime?
False
Is 2559 a prime number?
False
Is 1486 a composite number?
True
Is 2417 prime?
True
Is 220793 a prime number?
True
Is 12781 a composite number?
False
Is 4703 a composite number?
False
Is 2387965 a composite number?
True
Is 70865 prime?
False
Is 980971 prime?
False
Is 7427 a composite number?
True
Is 40459 a composite number?
False
Is 589181 composite?
False
Is 47219 a composite number?
True
Is 3989 a prime number?
True
Is 129953 prime?
True
Is 119027 composite?
False
Is 1899413 prime?
False
Is 8263 a composite number?
False
Is 1069 a composite number?
False
Is 1357 a prime number?
False
Is 1335481 prime?
False
Is 2974289 composite?
False
Is 755591 prime?
False
Is 683117 prime?
False
Is 28111 a composite number?
False
Is 122443 composite?
False
Is 810289 a composite number?
True
Is 1052989 composite?
True
Is 12277 a composite number?
False
Is 337721 composite?
False
Is 5623 composite?
False
Is 79877 a prime number?
False
Is 13267 a prime number?
True
Is 455219 composite?
False
Is 478523 composite?
False
Is 4591 prime?
True
Is 184607 composite?
False
Is 7283 composite?
False
Is 50033 composite?
False
Is 3371 a prime number?
True
Is 183674 a composite number?
True
Is 69491 a composite number?
False
Is 46019 prime?
False
Is 2935 prime?
False
Is 40307 a prime number?
False
Is 149759 a prime number?
True
Is 42169 prime?
True
Is 785 a composite number?
True
Is 58711 prime?
True
Is 216743 a composite number?
False
Is 728054 prime?
False
Is 33973 prime?
False
Is 6983 prime?
True
Is 202 prime?
False
Is 11197 prime?
True
Is 36881 a composite number?
True
Is 92107 a prime number?
True
Is 66617 composite?
False
Is 22823 a composite number?
True
Is 895 composite?
True
Is 116239 prime?
True
Is 869399 prime?
True
Is 2777 prime?
True
Is 29443 a prime number?
True
Is 87902 prime?
False
Is 82003 a composite number?
False
Is 358507 a composite number?
True
Is 451021 composite?
True
Is 6469 composite?
False
Is 215239 composite?
False
Is 3946 prime?
False
Is 216271 prime?
False
Is 111379 a composite number?
True
Is 176191 a prime number?
True
Is 96865 a composite number?
True
Is 1347569 a composite number?
False
Is 36691 composite?
False
Is 2707 a composite number?
False
Is 6159 a prime number?
False
Is 2863 prime?
False
Is 3353 prime?
False
Is 6751 a prime number?
False
Is 1243 a prime number?
False
Is 106089 a prime number?
False
Is 17707 a prime number?
True
Is 4397 a composite number?
False
Is 105373 composite?
False
Is 32434 a composite number?
True
Is 13241 composite?
False
Is 5941 composite?
True
Is 8578 a prime number?
False
Is 3537833 prime?
False
Is 180533 a composite number?
False
Is 2787 a prime number?
False
Is 22019 composite?
True
Is 126209 composite?
True
Is 919 prime?
True
Is 429007 composite?
False
Is 15019 a composite number?
True
Is 88117 a composite number?
False
Is 111253 a composite number?
False
Is 253 a composite number?
True
Is 6325487 prime?
False
Is 210505 a prime number?
False
Is 17183 a prime number?
True
Is 702935 prime?
False
Is 89321 a composite number?
True
Is 19069 composite?
False
Is 183273 prime?
False
Is 25819 a composite number?
False
Is 1946155 prime?
False
Is 28499 prime?
True
Is 1637 a composite number?
False
Is 123601 prime?
True
Is 2449729 a prime number?
True
Is 110963 a prime number?
False
Is 38543 prime?
True
Is 521 composite?
False
Is 484487 composite?
False
Is 52109 a composite number?
True
Is 24991 prime?
False
Is 22247 a composite number?
False
Is 4861 a prime number?
True
Is 1297055 prime?
False
Is 3011 a composite number?
False
Is 482227 a composite number?
False
Is 1497 a prime number?
False
Is 183629 a composite number?
True
Is 4083 a prime number?
False
Is 298153 composite?
False
Is 1284949 a prime number?
False
Is 276271 a composite number?
True
Is 2567 composite?
True
Is 100019 a composite number?
False
Is 23861 a composite number?
True
Is 654877 prime?
True
Is 77437 a prime number?
False
Is 81077 composite?
False
Is 251885 a prime number?
False
Is 40667 prime?
False
Is 161137 prime?
True
Is 24403 a composite number?
True
Is 43801 a composite number?
False
Is 3937 composite?
True
Is 5413 composite?
False
Is 5585 composite?
True
Is 761753 prime?
False
Is 570259 prime?
False
Is 47161 prime?
True
Is 6407 prime?
False
Is 210077 prime?
False
Is 331577 a prime number?
True
Is 3593 a prime number?
True
Is 55291 prime?
True
Is 9637 a prime number?
False
Is 96149 prime?
True
Is 5227 prime?
True
Is 59107 prime?
True
Is 47831 a composite number?
True
Is 12781 composite?
False
Is 448519 composite?
False
Is 71419 prime?
True
Is 38057 composite?
True
Is 5209 composite?
False
Is 29005 a prime number?
False
Is 163463 a composite number?
True
Is 116953 a composite number?
False
Is 161621 prime?
False
Is 24307 a composite number?
True
Is 9383 a composite number?
True
Is 271097 composite?
False
Is 254803 a prime number?
True
Is 4404905 a prime number?
False
Is 61522